e -74 = 28*p - n. What is the highest common divisor of 504 and p?
24
Suppose -q + 96 = -2*c, c - 39 - 200 = -3*q. Calculate the greatest common factor of q and 3936.
82
Let p(x) be the first derivative of 63*x**4/4 - 2*x**3/3 + 3*x + 43. Let t be p(1). Suppose -3*j + 16 = -2*j. Calculate the greatest common divisor of j and t.
16
Suppose -78 = -2*p - 0*p. Suppose 4*c = c + p. Suppose 0 = -2*w - 5*q + 79, -518*w + 514*w + 4*q = -228. What is the greatest common divisor of w and c?
13
Suppose 3*j = 0, -2*j = -3*l + 2*j + 23814. Calculate the greatest common divisor of l and 162.
162
Suppose -150*c = -277*c + 1001649. Calculate the highest common factor of 77 and c.
11
Suppose -1042 + 2203 + 3015 = 87*s. Calculate the greatest common divisor of s and 75.
3
Let o = -38 + 71. Let f = o - 11. Let t = f + -5. Calculate the highest common divisor of 17 and t.
17
Suppose -8044 - 72019 = 16*p - 75*p. Calculate the highest common divisor of 531 and p.
59
Let i = 43777 - 27781. What is the greatest common divisor of 215 and i?
43
Let s be 31 - (0 + (1 - 0)). Suppose -255*m = -2*w - 260*m + 65, 0 = w + 2*m - 32. What is the greatest common divisor of s and w?
30
Let y = 2721 - 2305. Calculate the greatest common factor of 676 and y.
52
Let g = -10682 - -10683. Calculate the greatest common factor of g and 1381.
1
Let z(q) be the third derivative of -q**6/120 + 4*q**5/15 - q**4/24 + 11*q**3/3 - 3*q**2 + 22. Let o be z(16). What is the greatest common factor of o and 78?
6
Suppose 0 = f - 5*f. Suppose -a = -f*a - 182. Let g = -1228 - -1254. Calculate the greatest common divisor of a and g.
26
Suppose 1 = 2*q + 9, 3*v - 3*q = 159. Suppose 2*n = -v + 193. Calculate the highest common divisor of 9 and n.
9
Suppose 3*b - 64 = -4*h, 5*h - 37 = -2*b - 6. Let a = 60 + -58. Suppose 5*s - 47 + a = -5*l, 4*l - 4*s = 20. What is the highest common factor of l and b?
7
Let b(l) = 189 - 133 + 6*l - 11*l. Let n be b(-8). Calculate the highest common divisor of n and 16.
16
Suppose -72*l = -58*l + 56. Let b be (-28)/7*l*11. Let m be (-3)/(-2)*160/15. What is the greatest common divisor of b and m?
16
Let s = 30 - 18. Suppose 0 = -3*k - 5*k + 16. Suppose 13 + 35 = k*d. Calculate the greatest common factor of d and s.
12
Let g = 4 - -27. Let p = -479 + 512. Let b be (p/21)/(1/217). What is the highest common factor of g and b?
31
Suppose 1544 = 5*j - 3*x, -55 = -3*j + 5*x + 865. Let l = j + -290. Let o = 25 + -17. What is the greatest common factor of l and o?
4
Let h(b) = b**2 - 216*b - 1779. Let x be h(-8). Calculate the greatest common divisor of 1079 and x.
13
Let c = -15 + 19. Suppose c*z - 1 = 7. Let p(o) = 2*o**3 - 12*o**2 + 3*o - 8. Let n be p(6). What is the highest common divisor of z and n?
2
Let t = -58 - -39. Let v(r) = r - 29. Let p be v(t). Let i be (12/(-1))/(6/p). What is the highest common factor of 32 and i?
32
Suppose a - 97 = -4*g, g = 2*a - 71 - 96. Let q be ((-15)/(-4))/(24/64). Let n = 44 - q. Calculate the highest common divisor of a and n.
17
Suppose 0 = -a + 7 + 13. Let v be 182/104 - ((-1875)/(-12))/(-5) - 1. Calculate the highest common divisor of a and v.
4
Suppose -2*w - 3*s + 6*s = 15, -4*s = -2*w - 16. Let l be -2*(39/w - 6/(-4)). Calculate the highest common factor of 80 and l.
10
Let h = -381 - -138. Let j = -205 - h. Calculate the greatest common divisor of j and 19.
19
Let j(o) = 79*o**2 + o - 12. Let s be j(4). Suppose 2*n = 1328 - s. Calculate the greatest common divisor of n and 132.
12
Suppose a = 7*a - 2*a. Let r be -6 - (-1 + -500 + a). Calculate the greatest common factor of r and 55.
55
Suppose -v + 2*j + 201 = 7*j, -3*v = 4*j - 614. Let h = 10 + -6. Suppose -h*k - 270 = -5*y, -3*y - 44 = k - v. What is the highest common divisor of 36 and y?
18
Suppose -20*b - 14 = -21*b. Suppose -b*p = -4*p - 570. Let d = -20 - -39. Calculate the greatest common divisor of p and d.
19
Let m(b) = -b**3 - 13*b**2 - 39*b - 14. Let p(i) = i**3 - 15*i**2 - 20*i + 55. Let q be p(16). Let l be m(q). What is the highest common divisor of l and 39?
13
Let u be (-3)/(-21)*2*49/7. Let k be (u/4)/((-7)/14) + 96. Calculate the highest common divisor of k and 57.
19
Let x(c) = 9*c + 3. Let o(a) = 3*a + 1. Let u(y) = -8*o(y) + 3*x(y). Let g be u(2). Let w = -381 - -430. Calculate the highest common factor of w and g.
7
Let p be 3*(20/(-12) - -2). Suppose 4*v = 1 - p. Suppose 3*t = -v*t - 4*b + 92, 2*t - 66 = -5*b. Calculate the greatest common divisor of t and 98.
14
Let y = 237 - 15. Suppose 5 = -5*x + 30, 0 = 4*w - 2*x + y. Let t = 83 + w. Calculate the greatest common divisor of 60 and t.
30
Suppose 10*b = -3*k + 8*b + 464, 4*k - 565 = 5*b. Suppose 3*g = -3*l + 60, 2 = -l + 2*g + 22. Calculate the greatest common divisor of l and k.
10
Let b(i) = 15*i**2 + 2*i - 1. Let d be b(3). Suppose 0*l - d = -2*l. Let s = 5065 + -5051. Calculate the highest common factor of s and l.
14
Let y be (1 + -1)/(9 + -11). Let a = y + 1. Suppose 3*k = -4*x + 27, -2*x = 2*x - 2*k - 2. What is the greatest common divisor of x and a?
1
Let i = 1542 - 1059. Calculate the greatest common factor of i and 529.
23
Let h(k) = 3*k**2 - 3*k - 3. Let c be h(3). Let t = 26653 - 26338. Calculate the greatest common divisor of t and c.
15
Let z be 0/(2 - 0) - 1. Let d be (3/(-15) - z)/((-7)/420). Let s = d + 102. What is the highest common factor of 72 and s?
18
Let z be 5/(545/(-550) + 1). Calculate the highest common divisor of 250 and z.
50
Let b(d) = 3*d**2 - 105*d - 88. Let y be b(36). Calculate the highest common divisor of y and 2060.
20
Suppose t + 4*n - 6 = 7*n, 0 = -2*t - 5*n + 1. Let o be t + 2/2 + 5229/(-21). Let q = o - -355. What is the highest common divisor of q and 10?
10
Let w(s) be the first derivative of s**4/2 - 5*s**3/3 - 17*s - 282. Let f be (-3 + -2)*(3 - 4). Let b be w(f). Calculate the highest common divisor of 4 and b.
4
Let u(z) = z**2 - 10*z - 9. Suppose 0 = 16*w - 7*w - 99. Let b be u(w). Suppose 15*l - 68 = -b*l. What is the greatest common divisor of 20 and l?
4
Let h(p) = -59*p - 24. Let k be h(-5). Let z = -118 + k. Let t = -22 + 39. What is the highest common divisor of z and t?
17
Let g = -1590 - -1870. What is the greatest common divisor of 720 and g?
40
Let q = 6255 + -6252. Calculate the greatest common factor of q and 906.
3
Let p(l) = l**3 + 11*l**2 - 4*l + 13. Let o be p(-11). Suppose -8*d + 417 = -191. What is the highest common divisor of o and d?
19
Let y(c) = -2*c - 8*c + 15*c + 78 + 0*c. Let q be y(-14). Calculate the greatest common factor of q and 176.
8
Let m(u) = -u**3 - 2*u**2 - 3*u. Let o be m(-4). Let q = 17 - 13. What is the highest common divisor of q and o?
4
Let t be (0 - 2)*(-22 - 2). Suppose -d + 966 = 3*u, 56*d + 1593 = 5*u + 52*d. Suppose -u + t = -r. Calculate the greatest common divisor of r and 39.
39
Let r = 16 - 3. Let q = 21 - r. Let w = -1064 - -1070. Calculate the greatest common divisor of w and q.
2
Let l = -113 - -148. Suppose -38*j = -l*j - 1038. Suppose 0 = 5*r + 4*c - 565, -7*r + 4*r + j = c. What is the highest common divisor of r and 78?
39
Suppose 121 = 5*a + 6. Let q = a + -18. Suppose 4*d = -3*t + 40, -3*t + d + q = -15. Calculate the greatest common divisor of 56 and t.
8
Suppose 0 = -22*o + 19*o - 12. Let b be (o/(-6))/(18/756). What is the highest common factor of b and 70?
14
Let v be ((-11)/2)/(62/(-372)). Suppose -4*w + v = -219. What is the greatest common divisor of 126 and w?
63
Suppose 4*o - 5 = 7, -5*q + 254 = 3*o. What is the greatest common divisor of 427 and q?
7
Let f be (-3)/(-9)*(4 + 5). Suppose -2*u + 12 = u, -f*a + 31 = -5*u. Suppose -91 = -6*r + a. Calculate the greatest common factor of 9 and r.
9
Let y = 12372 + -11926. What is the highest common factor of 16 and y?
2
Let y(f) = 33471*f**2 - 135*f - 134. Let m be y(-1). Calculate the highest common divisor of m and 16.
16
Let u be (54/(-20)*-2)/((-6)/(-390)). Let i = 25 - 12. What is the highest common factor of i and u?
13
Let g(h) = 34*h**2 + 9*h + 7. Let s be g(-1). Let c(t) = -7*t + 235. Let v be c(s). What is the greatest common divisor of 352 and v?
11
Let w(i) = -1 - 6*i**2 + 91*i + 5 + 39 - 5 - 14. Let c be w(15). What is the greatest common factor of 663 and c?
39
Let h = 111 - 109. Let f be h + -2 - (4 + (-284 - -5)). Suppos